Is 750 a factor of 11139000?
True
Is 9 a factor of 200714?
False
Is 3582481 a multiple of 329?
True
Does 13 divide 133554?
False
Does 58 divide 158920?
True
Is 61 a factor of 106641?
False
Is 300984 a multiple of 6?
True
Is 301984 a multiple of 4?
True
Does 5 divide 2507200?
True
Is 943 a factor of 1828477?
True
Is 16352 a multiple of 32?
True
Does 25 divide 11126333?
False
Is 9432 a multiple of 18?
True
Does 98 divide 56252?
True
Is 198 a factor of 58618?
False
Is 127 a factor of 980074?
False
Is 10262434 a multiple of 793?
False
Is 332 a factor of 434580?
False
Is 146510 a multiple of 95?
False
Is 470588 a multiple of 100?
False
Does 104 divide 10851809?
False
Does 8 divide 57416?
True
Does 99 divide 6231258?
True
Is 945 a factor of 18771942?
False
Does 11 divide 6652417?
False
Is 33 a factor of 3877104?
True
Does 298 divide 154364?
True
Is 108 a factor of 63612?
True
Is 482295 a multiple of 15?
True
Does 18 divide 143940?
False
Is 103378 a multiple of 11?
True
Is 294160 a multiple of 28?
False
Does 233 divide 87841?
True
Is 2 a factor of 7348?
True
Is 360929 a multiple of 67?
True
Does 18 divide 142592?
False
Is 439681 a multiple of 319?
False
Is 4 a factor of 773576?
True
Is 390 a factor of 101537?
False
Is 513 a factor of 233928?
True
Is 15788 a multiple of 4?
True
Is 57 a factor of 2525100?
True
Is 999914 a multiple of 90?
False
Is 906038 a multiple of 319?
False
Does 18 divide 37618?
False
Is 40873 a multiple of 7?
True
Is 8902548 a multiple of 729?
True
Is 61 a factor of 25071?
True
Is 76181 a multiple of 11?
False
Is 784410 a multiple of 22?
True
Does 307 divide 80490?
False
Does 237 divide 4484040?
True
Is 679565 a multiple of 5?
True
Is 19 a factor of 2437377?
True
Is 3335809 a multiple of 1013?
True
Does 10 divide 1309399?
False
Is 6463485 a multiple of 490?
False
Is 18 a factor of 1846890?
True
Does 52 divide 504707?
False
Does 30 divide 693660?
True
Is 897869 a multiple of 24?
False
Is 14 a factor of 1128880?
False
Is 291 a factor of 875328?
True
Is 12 a factor of 1043292?
True
Does 34 divide 111010?
True
Is 3502224 a multiple of 22?
True
Is 610 a factor of 5026400?
True
Is 732 a factor of 171466?
False
Is 3 a factor of 4502768?
False
Is 15 a factor of 101565?
True
Is 51688 a multiple of 28?
True
Is 5508719 a multiple of 41?
True
Does 30 divide 441420?
True
Is 91 a factor of 2900?
False
Is 2 a factor of 50150?
True
Is 28 a factor of 1460696?
False
Is 3 a factor of 45830?
False
Is 1533610 a multiple of 498?
False
Is 6302469 a multiple of 11?
False
Is 331377 a multiple of 187?
False
Is 651534 a multiple of 3?
True
Is 15760 a multiple of 40?
True
Is 621124 even?
True
Does 7 divide 172403?
True
Is 8 a factor of 6579984?
True
Is 13605203 a multiple of 47?
False
Is 4502014 a multiple of 30?
False
Is 2261334 a multiple of 382?
False
Is 251 a factor of 123918?
False
Does 23 divide 64908?
False
Is 8795148 a multiple of 20?
False
Is 395 a factor of 2221676?
False
Is 25 a factor of 397375?
True
Is 101 a factor of 2212708?
True
Does 6 divide 266440?
False
Is 600 a factor of 716349?
False
Does 40 divide 3706880?
True
Is 8 a factor of 107979?
False
Is 432432 a multiple of 72?
True
Is 63580 a multiple of 159?
False
Is 199 a factor of 953055?
False
Is 67884 a multiple of 6?
True
Is 1195317 a multiple of 570?
False
Is 144965 even?
False
Is 36 a factor of 291832?
False
Is 114 a factor of 1719690?
True
Does 228 divide 674594?
False
Does 14 divide 4912363?
False
Is 34 a factor of 371960?
True
Is 2553430 a multiple of 6?
False
Does 34 divide 2396093?
False
Is 724384 a multiple of 32?
True
Does 53 divide 1499158?
True
Does 36 divide 154953?
False
Is 18078690 a multiple of 138?
True
Is 266231 a multiple of 25?
False
Does 17 divide 1049053?
True
Does 5 divide 31342?
False
Is 2743665 a multiple of 25?
False
Is 139 a factor of 523068?
False
Is 7 a factor of 28497?
True
Is 123171 a multiple of 53?
False
Is 177952 a multiple of 117?
False
Does 357 divide 462672?
True
Does 488 divide 11610496?
True
Is 285 a factor of 906025?
False
Is 20988 a multiple of 36?
True
Is 802332 a multiple of 138?
True
Does 6 divide 1262437?
False
Does 99 divide 15207348?
False
Is 496496 a multiple of 505?
False
Is 15 a factor of 959985?
True
Is 327 a factor of 254247?
False
Does 15 divide 4528800?
True
Does 18 divide 328131?
False
Is 1479042 a multiple of 647?
True
Is 7 a factor of 175298?
False
Is 189 a factor of 33771087?
True
Is 3 a factor of 130724?
False
Is 7 a factor of 1314355?
True
Is 774632 a multiple of 148?
True
Is 259 a factor of 199067?
False
Is 1001916 a multiple of 108?
True
Is 8650528 a multiple of 10?
False
Is 1001599 a multiple of 368?
False
Is 4 a factor of 1134708?
True
Does 18 divide 1018823?
False
Is 923970 a multiple of 30?
True
Is 14 a factor of 116230?
False
Does 28 divide 91431?
False
Does 187 divide 250206?
True
Is 177089 a multiple of 11?
True
Does 5 divide 170847?
False
Is 26 a factor of 168606?
False
Does 46 divide 877523?
False
Is 82 a factor of 270829?
False
Does 104 divide 359565?
False
Does 19 divide 10002829?
False
Is 23 a factor of 1183295?
False
Does 30 divide 667318?
False
Does 16 divide 1446554?
False
Is 99 a factor of 2117122?
False
Is 6695800 a multiple of 895?
False
Is 29 a factor of 20358?
True
Is 102224 even?
True
Is 8 a factor of 1221592?
True
Is 4 a factor of 1109701?
False
Is 194 a factor of 1763460?
True
Is 27490 a multiple of 6?
False
Does 952 divide 3319624?
True
Is 6 a factor of 455424?
True
Is 368 a factor of 1585712?
True
Does 13 divide 271415?
False
Does 29 divide 540671?
False
Is 305568 a multiple of 280?
False
Is 100526 a multiple of 120?
False
Does 204 divide 122990?
False
Does 19 divide 8696243?
True
Is 163 a factor of 131673?
False
Does 272 divide 37536?
True
Does 17 divide 32147?
True
Is 240 a factor of 5449923?
False
Is 3286621 a multiple of 1362?
False
Is 57 a factor of 4374864?
True
Does 4 divide 512611?
False
Does 69 divide 893858?
False
Is 10 a factor of 34430?
True
Is 15767808 a multiple of 96?
True
Is 113 a factor of 903911?
False
Is 16 a factor of 153711?
False
Is 613980 a multiple of 12?
True
Is 468477 a multiple of 282?
False
Is 28 a factor of 465976?
True
Is 36 a factor of 463284?
True
Is 55 a factor of 119116?
False
Is 7 a factor of 66467?
False
Is 58 a factor of 4359460?
False
Is 57 a factor of 6690911?
False
Does 89 divide 281596?
True
Does 27 divide 4923107?
False
Does 26 divide 6032?
True
Is 179 a factor of 432285?
True
Does 6 divide 569754?
True
Is 254 a factor of 12839?
False
Does 84 divide 51744?
True
Is 232236 a multiple of 6?
True
Is 481 a factor of 618085?
True
Is 8407333 a multiple of 392?
False
Is 20 a factor of 83940?
True
Does 8 divide 1320664?
True
Is 55 a factor of 115555?
True
Is 14 a factor of 140462?
True
Is 4231724 a multiple of 6?
False
Is 9 a factor of 241893?
True
Is 6796111 a multiple of 14?
False
Does 11 divide 935693?
True
Is 479 a factor of 1508897?
False
Is 30 a factor of 363240?
True
Does 6 divide 15030?
True
Is 16115085 a multiple of 11?
False
Is 585510 a multiple of 58?
True
Is 4035592 a multiple of 379?
True
Is 122 a factor of 564738?
True
Does 5 divide 333794?
False
Is 6042990 a multiple of 578?
True
Is 25 a factor of 58522?
False
Does 61 divide 13002582?
False
Is 361 a factor of 6133751?
True
Does 36 divide 215265?
False
Does 5 divide 437731?
False
Is 93996 a multiple of 252?
True
Does 4 divide 113569?
False
Is 7086700 a multiple of 2341?
False
Is 3514784 a multiple of 4?
True
Does 49 divide 93424?
False
Is 231 a factor of 109979?
False
Does 131 divide 48077?
True
Is 223 a factor of 244025?
False
Does 20 divide 275983?
False
Is 542058 a multiple of 27?
False
Is 345 a factor of 8686755?
True
Is 14 a factor of 81836?
False
Is 37783 a multiple of 5?
False
Is 397182 a multiple of 9?
False
Is 4521422 a multiple of 17?
True
Is 16920900 a multiple of 81?
True
Is 149408 a multiple of 368?
True
Is 14 a factor of 2376?
False
Is 4098978 a multiple of 702?
True
Is 3847785 a multiple of 115?
True
Is 251 a factor of 4569262?
False
Is 9 a factor of 6917312?
False
Does 21 divide 203721?
True
Is 2150013 a multiple of 82?
False
Is 128549 a multiple of 3?
False
Is 3451514 a multiple of 3?
False
Is 352 a factor of 1776772?
False
Does 43 divide 327961?
True
Is 14 a factor of 774134?
False
Is 